{"id":148,"date":"2021-02-18T14:47:24","date_gmt":"2021-02-18T14:47:24","guid":{"rendered":"https:\/\/www.kay-hagen.de\/?page_id=148"},"modified":"2021-02-18T15:44:07","modified_gmt":"2021-02-18T15:44:07","slug":"prepress","status":"publish","type":"page","link":"https:\/\/www.kay-hagen.de\/?page_id=148","title":{"rendered":"Prepress"},"content":{"rendered":"<div id=\"pl-gb148-6a05b498821d3\"  class=\"panel-layout\" ><div id=\"pg-gb148-6a05b498821d3-0\"  class=\"panel-grid panel-no-style\" ><div id=\"pgc-gb148-6a05b498821d3-0-0\"  class=\"panel-grid-cell\"  data-weight=\"1\" ><div id=\"panel-gb148-6a05b498821d3-0-0-0\" class=\"so-panel widget widget_text panel-first-child panel-last-child\" data-index=\"0\" data-style=\"{&quot;background_image_attachment&quot;:false,&quot;background_display&quot;:&quot;tile&quot;}\" ><h3 class=\"widget-title\">Spezialprodukte f\u00fcr den Prepress-Bereich<\/h3>\t\t\t<div class=\"textwidget\"><p>Alle Programme sind SQL-Server basiert und der Schwerpunkt liegt auf kundenspezifischen Anpassungen zu vern\u00fcnftigen Preisen. Hierf\u00fcr bieten wir Service- und Wartungspauschalen an. Als Partner von Adobe und Datalogics verf\u00fcgen wir \u00fcber die Erfahrung, Ihnen bei Ihren Aufgabenstellungen mit Rat und Tat zur Seite zu stehen.<br \/>\nUnsere Software wird seit \u00fcber 30 Jahren kontinuierlich den Markterfordernissen angepasst und weiterentwickelt.<br \/>\nProfitieren Sie von unserer langj\u00e4hrigen Erfahrung.<\/p>\n<\/div>\n\t\t<\/div><\/div><\/div><div id=\"pg-gb148-6a05b498821d3-1\"  class=\"panel-grid panel-no-style\"  data-style=\"{&quot;background_image_attachment&quot;:false,&quot;background_display&quot;:&quot;tile&quot;,&quot;full_height&quot;:&quot;&quot;,&quot;cell_alignment&quot;:&quot;flex-start&quot;}\"  data-ratio=\"1\"  data-ratio-direction=\"right\" ><div id=\"pgc-gb148-6a05b498821d3-1-0\"  class=\"panel-grid-cell\"  data-weight=\"1\" ><div id=\"panel-gb148-6a05b498821d3-1-0-0\" class=\"so-panel widget widget_metaslider_widget panel-first-child panel-last-child\" data-index=\"1\" data-style=\"{&quot;background_image_attachment&quot;:false,&quot;background_display&quot;:&quot;tile&quot;}\" ><h3 class=\"widget-title\">Nach Kundenw\u00fcnschen programmiert<\/h3><div id=\"metaslider-id-157\" style=\"width: 100%; margin: 0 auto;\" class=\"ml-slider-3-90-1 metaslider metaslider-flex metaslider-157 ml-slider ms-theme-default\" role=\"region\" aria-roledescription=\"Slideshow\" aria-label=\"Prepressbereich\">\n    <div id=\"metaslider_container_157\">\n        <div id=\"metaslider_157\" class=\"flexslider\">\n            <ul class='slides'>\n                <li style=\"display: block; width: 100%;\" class=\"slide-158 ms-image \" aria-roledescription=\"slide\" aria-label=\"slide-158\"><img loading=\"lazy\" decoding=\"async\" src=\"https:\/\/www.kay-hagen.de\/wp-content\/uploads\/2021\/02\/csm_prepress_bipp-1000x800.jpg\" height=\"800\" width=\"1000\" alt=\"\" class=\"slider-157 slide-158\" title=\"csm_prepress_bipp\" \/><\/li>\n                <li style=\"display: none; width: 100%;\" class=\"slide-159 ms-image \" aria-roledescription=\"slide\" aria-label=\"slide-159\"><img loading=\"lazy\" decoding=\"async\" src=\"https:\/\/www.kay-hagen.de\/wp-content\/uploads\/2021\/02\/csm_prepress_bopp-1000x800.jpg\" height=\"800\" width=\"1000\" alt=\"\" class=\"slider-157 slide-159\" title=\"csm_prepress_bopp\" \/><\/li>\n                <li style=\"display: none; width: 100%;\" class=\"slide-160 ms-image \" aria-roledescription=\"slide\" aria-label=\"slide-160\"><img loading=\"lazy\" decoding=\"async\" src=\"https:\/\/www.kay-hagen.de\/wp-content\/uploads\/2021\/02\/csm_prepress_hps-1000x800.jpg\" height=\"800\" width=\"1000\" alt=\"\" class=\"slider-157 slide-160\" title=\"csm_prepress_hps\" \/><\/li>\n                <li style=\"display: none; width: 100%;\" class=\"slide-161 ms-image \" aria-roledescription=\"slide\" aria-label=\"slide-161\"><img loading=\"lazy\" decoding=\"async\" src=\"https:\/\/www.kay-hagen.de\/wp-content\/uploads\/2021\/02\/csm_prepress_pdfalign-1000x800.jpg\" height=\"800\" width=\"1000\" alt=\"\" class=\"slider-157 slide-161\" title=\"csm_prepress_pdfalign\" \/><\/li>\n            <\/ul>\n        <\/div>\n        \n    <\/div>\n<\/div><\/div><\/div><\/div><\/div>\n\n\n<p><\/p>\n","protected":false},"excerpt":{"rendered":"<p>Alle Programme sind SQL-Server basiert und der Schwerpunkt liegt auf kundenspezifischen Anpassungen zu vern\u00fcnftigen Preisen. Hierf\u00fcr bieten wir Service- und [&hellip;]<\/p>\n","protected":false},"author":1,"featured_media":0,"parent":0,"menu_order":0,"comment_status":"closed","ping_status":"closed","template":"","meta":{"footnotes":""},"class_list":["post-148","page","type-page","status-publish","hentry"],"_links":{"self":[{"href":"https:\/\/www.kay-hagen.de\/index.php?rest_route=\/wp\/v2\/pages\/148"}],"collection":[{"href":"https:\/\/www.kay-hagen.de\/index.php?rest_route=\/wp\/v2\/pages"}],"about":[{"href":"https:\/\/www.kay-hagen.de\/index.php?rest_route=\/wp\/v2\/types\/page"}],"author":[{"embeddable":true,"href":"https:\/\/www.kay-hagen.de\/index.php?rest_route=\/wp\/v2\/users\/1"}],"replies":[{"embeddable":true,"href":"https:\/\/www.kay-hagen.de\/index.php?rest_route=%2Fwp%2Fv2%2Fcomments&post=148"}],"version-history":[{"count":8,"href":"https:\/\/www.kay-hagen.de\/index.php?rest_route=\/wp\/v2\/pages\/148\/revisions"}],"predecessor-version":[{"id":214,"href":"https:\/\/www.kay-hagen.de\/index.php?rest_route=\/wp\/v2\/pages\/148\/revisions\/214"}],"wp:attachment":[{"href":"https:\/\/www.kay-hagen.de\/index.php?rest_route=%2Fwp%2Fv2%2Fmedia&parent=148"}],"curies":[{"name":"wp","href":"https:\/\/api.w.org\/{rel}","templated":true}]}}